{"id":5462,"date":"2021-09-04T00:09:55","date_gmt":"2021-09-03T22:09:55","guid":{"rendered":"https:\/\/www.zdenkapiseprevas.sk\/?page_id=5462"},"modified":"2021-09-04T08:54:45","modified_gmt":"2021-09-04T06:54:45","slug":"preco-vsetko-boli-alebo-ako-to-vsetko-zacalo","status":"publish","type":"page","link":"https:\/\/www.zdenkapiseprevas.sk\/?page_id=5462","title":{"rendered":"Pre\u010do \u017eivot bol\u00ed alebo ako to v\u0161etko za\u010dalo"},"content":{"rendered":"\t\t<div data-elementor-type=\"wp-page\" data-elementor-id=\"5462\" class=\"elementor elementor-5462\">\n\t\t\t\t\t\t<section class=\"elementor-section elementor-top-section elementor-element elementor-element-42d487b elementor-section-boxed elementor-section-height-default elementor-section-height-default\" data-id=\"42d487b\" data-element_type=\"section\" data-e-type=\"section\">\n\t\t\t\t\t\t<div class=\"elementor-container elementor-column-gap-default\">\n\t\t\t\t\t<div class=\"elementor-column elementor-col-100 elementor-top-column elementor-element elementor-element-814e451\" data-id=\"814e451\" data-element_type=\"column\" data-e-type=\"column\">\n\t\t\t<div class=\"elementor-widget-wrap elementor-element-populated\">\n\t\t\t\t\t\t<div class=\"elementor-element elementor-element-9c144cb elementor-widget elementor-widget-text-editor\" data-id=\"9c144cb\" data-element_type=\"widget\" data-e-type=\"widget\" data-widget_type=\"text-editor.default\">\n\t\t\t\t<div class=\"elementor-widget-container\">\n\t\t\t\t\t\t\t\t\t<p>Zozn\u00e1mili sme sa \u010disto prozaicky. H\u013eadal som zn\u00e1me osobnosti zo sveta literat\u00fary, spisovate\u013eky a\u00a0poetky, spisovate\u013eov a\u00a0b\u00e1snikov k\u00a0rozhovoru pre jeden internetov\u00fd magaz\u00edn.\u00a0 Od svojej zn\u00e1mej som dostal odpor\u00fa\u010danie aj na \u0148u. Dovtedy som o\u00a0tejto \u017eene ni\u010d nepo\u010dul, hoci ako som zistil na internete, mala u\u017e za sebou zauj\u00edmav\u00fa tvoriv\u00fa \u010dinnos\u0165. Slovo dalo slovo a\u00a0dohodli sme sa. Mal som posla\u0165 ot\u00e1zky a\u00a0ona mi k\u00a0nim mala spracova\u0165\u00a0 odpovede. \u00daplne neosobn\u00e9. Nem\u00e1m r\u00e1d tak\u00fdto sp\u00f4sob komunik\u00e1cie, r\u00e1d sa tomu, s\u00a0k\u00fdm vediem re\u010d, d\u00edvam do o\u010d\u00ed.<\/p><p>Nieko\u013eko t\u00fd\u017ed\u0148ov po nieko\u013ek\u00fdch virtu\u00e1lnych stretnutiach sme dospeli aj k tomu tv\u00e1rou v tv\u00e1r. Neuver\u00edte mi, ale aj v tomto veku (m\u00e1m 58 rokov) mnou lomcuje tr\u00e9ma pri akomko\u013evek osobnom kontakte s niek\u00fdm, kto u\u017e nie\u010do v \u017eivote dok\u00e1zal. A \u017ee k nim patr\u00ed aj t\u00e1to d\u00e1ma, na to m\u00f4\u017eete vzia\u0165 jed. Mal\u00e9, krehk\u00e9 \u017eie\u0148a, ale ak\u00e1 nesmierna energia v jej tele preb\u00fdva!\u00a0 \u017div\u00e9 striebro vo vydan\u00ed zrelej \u017eeny. Bola ako divok\u00e1 riava, ktor\u00e1 v dobrom slova zmysle berie v\u0161etko so sebou. P\u00ed\u0161em bola, no ona st\u00e1le je. Chvalabohu.<\/p><p>Pri jednom z\u00a0na\u0161ich nekone\u010dn\u00fdch spolo\u010dn\u00fdch rozhovorov som sa jej op\u00fdtal: \u201ePros\u00edm \u0165a, na\u010do je toto dobr\u00e9? Potrebuje\u0161 v\u00a0tvojom veku a\u00a0postaven\u00ed rie\u0161i\u0165 probl\u00e9my \u013eud\u00ed? Predsa nie si Matka Tereza, nem\u00f4\u017ee\u0161 zachr\u00e1ni\u0165 cel\u00fd svet!\u201c<br \/>Usmiala sa. <br \/>\u201eNie, Matka Tereza ur\u010dite nie, hoci matka \u00e1no. Julien, sk\u00fas prem\u00fd\u0161\u013ea\u0165 nad svojimi ot\u00e1zkami. Ja ti zatia\u013e rozpoviem jeden pr\u00edbeh a\u00a0sn\u00e1\u010f pochop\u00ed\u0161. Ver\u00edm, \u017ee \u00e1no.\u201c<\/p><p>Nad\u00fdchla sa a\u00a0pomaly za\u010dala rozpr\u00e1va\u0165. <br \/>\u201eBol j\u00fal alebo august? U\u017e sa presne nepam\u00e4t\u00e1m, predsa len moja pam\u00e4\u0165 u\u017e nie je to, \u010do za mladi,\u201c poznamenala s\u00a0figliarskym \u00fa\u0161krnom na per\u00e1ch. <br \/>\u201eChystali sme sa s\u00a0kolegy\u0148ou na obed, ke\u010f pri\u0161la. Kr\u00e1sna, mlad\u00e1, elegantne oble\u010den\u00e1. S\u00a0tmav\u00fdmi okuliarmi na o\u010diach. Ve\u013emi nesmel\u00e1, v\u00a0slov\u00e1ch opatrn\u00e1. Akoby sa nie\u010doho b\u00e1la. Zostala som v\u00a0nemom \u00fa\u017ease, ke\u010f na moju ot\u00e1zku, \u010do, resp. koho h\u013ead\u00e1, odpovedala, pr\u00e1cu. Pri\u0161la na n\u00e1\u0161 inzer\u00e1t, pr\u00e1ve sme h\u013eadali dve gazdinky pre na\u0161ich klientov. Z\u00a0kabelky vybrala nieko\u013eko papierov a\u00a0podala mi ich. \u017divotopis, maturitn\u00e9 vysved\u010denie a\u00a0ku podivu aj vysoko\u0161kolsk\u00fd diplom. E\u0161te raz som si ju poh\u013eadom premerala. Nepozd\u00e1vala sa mi, \u017eeby dok\u00e1zala tak\u00fa pr\u00e1cu zvl\u00e1dnu\u0165. Vie\u0161, nem\u00e1m probl\u00e9m poveda\u0165 na rovinu \u013eu\u010fom svoj n\u00e1zor. Ani jej. Zostala sedie\u0165 ako prikovan\u00e1. Po nieko\u013ek\u00fdch min\u00fatach ml\u010dania prehovorila. <br \/>\u201ePrep\u00e1\u010dte, ale ja potrebujem pracova\u0165.\u201c<br \/>\u201eNemajte mi za zl\u00e9, ale mysl\u00edm si, \u017eeby ste si mali h\u013eada\u0165 pr\u00e1cu v\u00a0inom obore. Viete si v\u00f4bec predstavi\u0165, \u010do tak\u00e1 gazdinka mus\u00ed robi\u0165? M\u00e1m obavu, \u017ee nie. \u017dena s\u00a0vysoko\u0161kolsk\u00fdm diplomom si predsa zasl\u00fa\u017ei in\u00e9 postavenie, nemysl\u00edte?\u201c sna\u017eila som sa uzavrie\u0165 t\u00fato, pre m\u0148a u\u017e tr\u00e1pnu debatu.<br \/>\u201eMne je jedno, \u010do budem robi\u0165, ale nie\u010do si mus\u00edm n\u00e1js\u0165. Ve\u013ea som o\u00a0v\u00e1s po\u010dula, pom\u00f4\u017ete mi, pros\u00edm,\u201c takmer ticho hlesla a\u00a0sklonila hlavu.<br \/>T\u00f3n v\u00a0jej hlase ma miatol. C\u00edtila som v\u00a0\u0148om hrozn\u00fa bezn\u00e1dej a\u00a0sm\u00fatok. Hoci som bola vn\u00fatorne presved\u010den\u00e1, \u017ee odpoviem nie, rozhodla som sa da\u0165 jej e\u0161te jednu \u0161ancu presved\u010di\u0165 ma.<br \/>\u201eHm. Pozrite sa. M\u00e1me dve vo\u013en\u00e9 miesta a\u00a0viac ako tri desiatky z\u00e1ujemk\u00fd\u0148 o\u00a0ne. Sk\u00faste mi prezradi\u0165 d\u00f4vod, pre\u010do by ste jednou z\u00a0t\u00fdch, ktor\u00e9 vyberieme, mali by\u0165 vy.\u201c <br \/>\u00a0Ml\u010dala. Mala som pocit, \u017ee prem\u00fd\u0161\u013ea nad t\u00fdm, \u010do mi m\u00e1 poveda\u0165.\u00a0 Po chv\u00edli ticha, za ktor\u00e9 by sa nemusel hanbi\u0165 ani kostol na n\u00e1mest\u00ed, sa na m\u0148a pozrela a\u00a0obomi rukami si pomali\u010dky zlo\u017eila okuliare. Pochopila som, pre\u010do si ich po cel\u00fd \u010das nechala na o\u010diach. To, \u010do som pod nimi uvidela, mi vyrazilo dych. Na jedno oko v\u00f4bec nevidela, opuch, ktor\u00fd jej ho zakr\u00fdval, mal tmavomodr\u00fa a\u017e fialov\u00fa farbu, druh\u00e9 bolo na tom o\u00a0nie\u010do lep\u0161ie, nebolo opuchnut\u00e9, no pre zmenu ho mala cel\u00e9 krvav\u00e9 a\u00a0modrina takej istej farby zakr\u00fdvala cel\u00e9 okolie oka. <br \/>\u201e\u010co sa v\u00e1m stalo, preboha?!\u201c<br \/>\u201eMan\u017eel,\u201c odpovedala skoro previnilo.<br \/>\u201eMan\u017eel?\u201c neveriacky som pokr\u00fatila hlavou.<br \/>Nech\u00e1pala som. Ako m\u00f4\u017ee nie\u010do tak\u00e9to urobi\u0165 mu\u017e svojej \u017eene? Ve\u010f prisahal, \u017ee bude po jej boku verne kr\u00e1\u010da\u0165 v\u00a0dobrom aj v\u00a0zlom. <br \/>\u201eOn nie je zl\u00fd, to ja som t\u00e1, \u010do pochybila,\u201c zalo\u017eila si okuliare sp\u00e4\u0165 na o\u010di. Zrejme sa za ich tmav\u00fdmi sklami c\u00edtila bezpe\u010dnej\u0161ie. Nech u\u017e urobila \u010doko\u013evek, nemal pr\u00e1vo ju takto zml\u00e1ti\u0165, v\u00a0tom som si bola ist\u00e1. Zrazu sama od seba za\u010dala rozpr\u00e1va\u0165. O\u00a0tom, ako sa u\u017e na vysokej \u0161kole vydala za naj\u00fa\u017easnej\u0161ieho mu\u017ea na svete, za l\u00e1sku svojho \u017eivota, ako ho nazvala. O\u00a0tom, ako si na\u0161la skvel\u00fa pr\u00e1cu, ktor\u00fa milovala, len\u017ee sa jej narodil syn a\u00a0ona musela zosta\u0165 doma. Pribrala, naj\u00fa\u017easnej\u0161\u00ed mu\u017e na svete sa zmenil. Za\u010dal jej nad\u00e1va\u0165 do tlst\u00fdch sv\u00ed\u0148, n\u00fatil ju dr\u017ea\u0165 hladovku, cvi\u010di\u0165. Milovali sa len ke\u010f on mal chu\u0165, inak si ju ako \u017eenu v\u00f4bec nev\u0161\u00edmal. Po troch rokoch na materskej dovolenke sa rozhodla, \u017ee si n\u00e1jde pr\u00e1cu. Nepustil ju. Vraj, \u010do sa m\u00e1 \u010do vyt\u0155\u010da\u0165 pred in\u00fdmi chlapmi. Zostala doma e\u0161te rok. \u010co \u010dert nechcel, raz, ke\u010f bola v\u00a0meste, stretla kolegu z\u00a0b\u00fdvalej pr\u00e1ce. Pozval ju na k\u00e1vu. \u010co \u010dert nechcel, do tej istej kaviarne, kde sedel jej mu\u017e s\u00a0nejakou \u017eenou. Mladou, kr\u00e1snou. Mohla ma\u0165 dvadsa\u0165 rokov. Ve\u010der, ke\u010f pri\u0161iel domov, ju stra\u0161ne zbil. Lietali facky, \u00fadery p\u00e4s\u0165ou, kopance. \u010co na tom, \u017ee sa na to pozeral ich mali\u010dk\u00fd. Ako si to mohla dovoli\u0165, sledova\u0165 ho. A\u00a0e\u0161te s\u00a0nejak\u00fdm frajerom. M\u00e1rne mu vysvet\u013eovala, \u017ee je to len kolega a\u00a0kamar\u00e1t, \u0161\u0165astne \u017eenat\u00fd. Nepomohlo. Odvtedy ju bil pravidelne. Doslova sa vy\u017e\u00edval, ke\u010f ju mohol udrie\u0165. Predv\u010derom pri\u0161iel z\u00a0pr\u00e1ce opit\u00fd a ve\u013emi nahnevan\u00fd. Vyhodili ho z\u00a0pr\u00e1ce. Nad\u00e1val, kri\u010dal. Na v\u0161etk\u00fdch a\u00a0na v\u0161etko. Aj na nejak\u00fa babu. Pochopila, \u017ee je to t\u00e1 z\u00a0kaviarne. Bez ostychu sa prizn\u00e1val, \u017ee bola jeho milenkou a \u017ee mu dala kopa\u010dky. No a\u00a0\u010do, kri\u010dal, v\u0161ak, ke\u010f sa chce milova\u0165, m\u00e1 \u017eenu. Chytil ju a\u00a0str\u010dil na poste\u013e. Strhal z\u00a0nej \u0161aty a\u00a0doslova ju zn\u00e1silnil. Prosila, plakala. Nepom\u00e1halo. Pr\u00e1ve naopak. Rozz\u00farila ho e\u0161te viac. Sadol si na \u0148u a\u00a0a\u00a0p\u00e4s\u0165ou ju udieral do tv\u00e1re. Na jedno oko a\u00a0vz\u00e1p\u00e4t\u00ed aj na druh\u00e9. Nevedela, \u010do ju bol\u00ed viac. Rany na tv\u00e1ri alebo tie na du\u0161i. Na druh\u00fd de\u0148 r\u00e1no jej povedal, \u017ee si mus\u00ed n\u00e1js\u0165 pr\u00e1cu. Ihne\u010f. Aby nemala \u010das na milencov. Dal jej na to dva dni. Aby mala motiv\u00e1ciu, znova ju zbil.<\/p><p>Dorozpr\u00e1vala a\u00a0videla som na nej, \u017ee sa jej trochu u\u013eavilo. M\u00e1lokedy zvyknem meni\u0165 svoje rozhodnutie. Pri nej mi nie\u010do na\u0161epk\u00e1valo, \u017ee tak m\u00f4\u017eem urobi\u0165 bez ob\u00e1v. Vzala som ju do pr\u00e1ce a\u00a0nikdy som to neo\u013eutovala. Ke\u010f odch\u00e1dzala, objala som ju a\u00a0povedala:<br \/>\u201eMoja mil\u00e1, oslobo\u010fte sa od neho. On v\u00e1s bi\u0165 nikdy neprestane. Nemiluje v\u00e1s, ste pre neho jeho majetok, ni\u010d in\u00e9. To nie je l\u00e1ska. Ak chcete \u017ei\u0165, spokojne a\u00a0\u0161\u0165astn\u00e1 s\u00a0va\u0161\u00edm synom, urobte tak \u010do najsk\u00f4r. Od\u00ed\u010fte a\u00a0podajte \u017eiados\u0165 o\u00a0rozvod. Ak by ste potrebovali radu alebo pomoc, \u010di \u00fatechu, kedyko\u013evek sa na m\u0148a m\u00f4\u017eete obr\u00e1ti\u0165. Hoci o\u00a0polnoci.\u201c<\/p><p>Odi\u0161la a\u00a0ja som sa spokojne usadila v\u00a0mojom kresle. Rada, \u017ee som sa neupon\u00e1h\u013eala a\u00a0dala tej \u017eene \u0161ancu. Pocit, \u017ee som niekomu pomohla, je na nezaplatenie. Vtedy som sa rozhodla.<\/p><p>D\u00e1va\u0165 na papier osudy t\u00fdran\u00fdch \u017eien, matiek. S\u00a0ktor\u00fdmi sa \u017eivot nemaznal. Nikto z\u00a0n\u00e1s nevie, ak\u00e9 tajomstv\u00e1 sa ukr\u00fdvaj\u00fa za stenami na\u0161ich domov, \u010di bytov. Najhor\u0161ie je, \u017ee v\u00a0ich anonymite pla\u010d\u00fa aj deti. Postavi\u0165 sa zlu, vymani\u0165 sa zo sp\u00e1rov agresora, je pre die\u0165a \u0165a\u017ek\u00e9 <br \/>a \u010dasto nemo\u017en\u00e9. Ke\u010f sa z die\u0165a\u0165a stane \u017eena, je u\u017e tak ubolen\u00e1, ustr\u00e1chan\u00e1 a pln\u00e1 t\u00fa\u017eby po l\u00e1ske, \u017ee je \u013eahkou obe\u0165ou pre \u010fal\u0161ieho tyrana, ktor\u00fd jej ni\u010d\u00ed \u017eivot. \u00a0Okolie nepo\u010d\u00fava a\u00a0nevid\u00ed. Alebo nechce po\u010du\u0165, \u010di vidie\u0165? Preto je potrebn\u00e9 o\u00a0tom hovori\u0165 a\u00a0p\u00edsa\u0165. Aby \u010do najviac \u013eud\u00ed vedelo, \u017ee ten p\u00e1n v\u00a0obleku a\u00a0kravate, ktor\u00fd sa na nich usmieva, je v\u00a0skuto\u010dnosti tyran a\u00a0despota, \u017ee za obrazom mil\u00e9ho mu\u017ea je schovan\u00e9 zviera.<\/p><p>Vie\u0161, Julien, ak pom\u00f4\u017ee\u0161 \u010do len jedn\u00e9mu \u010dloveku, tvoja p\u00fa\u0165 na tomto svete mala v\u00fdznam. Nebol si tu zbyto\u010dne. U\u017e ch\u00e1pe\u0161, pre\u010do to v\u0161etko rob\u00edm?\u201c zakon\u010dila svoje rozpr\u00e1vanie.<\/p><p>Pochopil som. Tou \u017eenou nebol nikto in\u00fd, ne\u017e Zdenka Wenzlov\u00e1 \u0160v\u00e1bekov\u00e1.<\/p><p>Julien Dan<\/p>\t\t\t\t\t\t\t\t<\/div>\n\t\t\t\t<\/div>\n\t\t\t\t<div class=\"elementor-element elementor-element-bd2b993 elementor-widget elementor-widget-image\" data-id=\"bd2b993\" data-element_type=\"widget\" data-e-type=\"widget\" data-widget_type=\"image.default\">\n\t\t\t\t<div class=\"elementor-widget-container\">\n\t\t\t\t\t\t\t\t\t\t\t\t\t\t\t<img fetchpriority=\"high\" decoding=\"async\" width=\"224\" height=\"300\" src=\"https:\/\/www.zdenkapiseprevas.sk\/wp-content\/uploads\/2020\/11\/74272417_481158129159010_3804020274567839744_n-224x300.jpg\" class=\"attachment-medium size-medium wp-image-4915\" alt=\"\" srcset=\"https:\/\/www.zdenkapiseprevas.sk\/wp-content\/uploads\/2020\/11\/74272417_481158129159010_3804020274567839744_n-224x300.jpg 224w, https:\/\/www.zdenkapiseprevas.sk\/wp-content\/uploads\/2020\/11\/74272417_481158129159010_3804020274567839744_n-300x402.jpg 300w, https:\/\/www.zdenkapiseprevas.sk\/wp-content\/uploads\/2020\/11\/74272417_481158129159010_3804020274567839744_n-765x1024.jpg 765w, https:\/\/www.zdenkapiseprevas.sk\/wp-content\/uploads\/2020\/11\/74272417_481158129159010_3804020274567839744_n-768x1029.jpg 768w, https:\/\/www.zdenkapiseprevas.sk\/wp-content\/uploads\/2020\/11\/74272417_481158129159010_3804020274567839744_n-1147x1536.jpg 1147w, https:\/\/www.zdenkapiseprevas.sk\/wp-content\/uploads\/2020\/11\/74272417_481158129159010_3804020274567839744_n-370x496.jpg 370w, https:\/\/www.zdenkapiseprevas.sk\/wp-content\/uploads\/2020\/11\/74272417_481158129159010_3804020274567839744_n-1040x1393.jpg 1040w, https:\/\/www.zdenkapiseprevas.sk\/wp-content\/uploads\/2020\/11\/74272417_481158129159010_3804020274567839744_n.jpg 1370w\" sizes=\"(max-width: 224px) 100vw, 224px\" \/>\t\t\t\t\t\t\t\t\t\t\t\t\t\t\t<\/div>\n\t\t\t\t<\/div>\n\t\t\t\t\t<\/div>\n\t\t<\/div>\n\t\t\t\t\t<\/div>\n\t\t<\/section>\n\t\t\t\t<\/div>\n\t\t","protected":false},"excerpt":{"rendered":"<p>Zozn\u00e1mili sme sa \u010disto prozaicky. H\u013eadal som zn\u00e1me osobnosti zo sveta literat\u00fary, spisovate\u013eky a\u00a0poetky, spisovate\u013eov a\u00a0b\u00e1snikov k\u00a0rozhovoru pre jeden internetov\u00fd magaz\u00edn.\u00a0 Od svojej zn\u00e1mej som dostal odpor\u00fa\u010danie aj na \u0148u. Dovtedy som o\u00a0tejto \u017eene ni\u010d nepo\u010dul, hoci ako som zistil &hellip; <a href=\"https:\/\/www.zdenkapiseprevas.sk\/?page_id=5462\">Pokra\u010dova\u0165 v \u010d\u00edtan\u00ed <span class=\"meta-nav\">&rarr;<\/span><\/a><\/p>\n","protected":false},"author":1,"featured_media":0,"parent":0,"menu_order":0,"comment_status":"closed","ping_status":"closed","template":"","meta":{"_bbp_topic_count":0,"_bbp_reply_count":0,"_bbp_total_topic_count":0,"_bbp_total_reply_count":0,"_bbp_voice_count":0,"_bbp_anonymous_reply_count":0,"_bbp_topic_count_hidden":0,"_bbp_reply_count_hidden":0,"_bbp_forum_subforum_count":0,"_monsterinsights_skip_tracking":false,"_monsterinsights_sitenote_active":false,"_monsterinsights_sitenote_note":"","_monsterinsights_sitenote_category":0,"footnotes":""},"class_list":["post-5462","page","type-page","status-publish","hentry"],"yoast_head":"<!-- This site is optimized with the Yoast SEO plugin v26.4 - https:\/\/yoast.com\/wordpress\/plugins\/seo\/ -->\n<title>Pre\u010do \u017eivot bol\u00ed alebo ako to v\u0161etko za\u010dalo - Zdenka p\u00ed\u0161e pre v\u00e1s<\/title>\n<meta name=\"robots\" content=\"index, follow, max-snippet:-1, max-image-preview:large, max-video-preview:-1\" \/>\n<link rel=\"canonical\" href=\"https:\/\/www.zdenkapiseprevas.sk\/?page_id=5462\" \/>\n<meta property=\"og:locale\" content=\"sk_SK\" \/>\n<meta property=\"og:type\" content=\"article\" \/>\n<meta property=\"og:title\" content=\"Pre\u010do \u017eivot bol\u00ed alebo ako to v\u0161etko za\u010dalo - Zdenka p\u00ed\u0161e pre v\u00e1s\" \/>\n<meta property=\"og:description\" content=\"Zozn\u00e1mili sme sa \u010disto prozaicky. H\u013eadal som zn\u00e1me osobnosti zo sveta literat\u00fary, spisovate\u013eky a\u00a0poetky, spisovate\u013eov a\u00a0b\u00e1snikov k\u00a0rozhovoru pre jeden internetov\u00fd magaz\u00edn.\u00a0 Od svojej zn\u00e1mej som dostal odpor\u00fa\u010danie aj na \u0148u. Dovtedy som o\u00a0tejto \u017eene ni\u010d nepo\u010dul, hoci ako som zistil &hellip; Pokra\u010dova\u0165 v \u010d\u00edtan\u00ed &rarr;\" \/>\n<meta property=\"og:url\" content=\"https:\/\/www.zdenkapiseprevas.sk\/?page_id=5462\" \/>\n<meta property=\"og:site_name\" content=\"Zdenka p\u00ed\u0161e pre v\u00e1s\" \/>\n<meta property=\"article:modified_time\" content=\"2021-09-04T06:54:45+00:00\" \/>\n<meta property=\"og:image\" content=\"https:\/\/www.zdenkapiseprevas.sk\/wp-content\/uploads\/2020\/11\/74272417_481158129159010_3804020274567839744_n-224x300.jpg\" \/>\n<meta name=\"twitter:card\" content=\"summary_large_image\" \/>\n<meta name=\"twitter:label1\" content=\"Predpokladan\u00fd \u010das \u010d\u00edtania\" \/>\n\t<meta name=\"twitter:data1\" content=\"6 min\u00fat\" \/>\n<script type=\"application\/ld+json\" class=\"yoast-schema-graph\">{\"@context\":\"https:\/\/schema.org\",\"@graph\":[{\"@type\":\"WebPage\",\"@id\":\"https:\/\/www.zdenkapiseprevas.sk\/?page_id=5462\",\"url\":\"https:\/\/www.zdenkapiseprevas.sk\/?page_id=5462\",\"name\":\"Pre\u010do \u017eivot bol\u00ed alebo ako to v\u0161etko za\u010dalo - Zdenka p\u00ed\u0161e pre v\u00e1s\",\"isPartOf\":{\"@id\":\"https:\/\/www.zdenkapiseprevas.sk\/#website\"},\"primaryImageOfPage\":{\"@id\":\"https:\/\/www.zdenkapiseprevas.sk\/?page_id=5462#primaryimage\"},\"image\":{\"@id\":\"https:\/\/www.zdenkapiseprevas.sk\/?page_id=5462#primaryimage\"},\"thumbnailUrl\":\"https:\/\/www.zdenkapiseprevas.sk\/wp-content\/uploads\/2020\/11\/74272417_481158129159010_3804020274567839744_n-224x300.jpg\",\"datePublished\":\"2021-09-03T22:09:55+00:00\",\"dateModified\":\"2021-09-04T06:54:45+00:00\",\"breadcrumb\":{\"@id\":\"https:\/\/www.zdenkapiseprevas.sk\/?page_id=5462#breadcrumb\"},\"inLanguage\":\"sk-SK\",\"potentialAction\":[{\"@type\":\"ReadAction\",\"target\":[\"https:\/\/www.zdenkapiseprevas.sk\/?page_id=5462\"]}]},{\"@type\":\"ImageObject\",\"inLanguage\":\"sk-SK\",\"@id\":\"https:\/\/www.zdenkapiseprevas.sk\/?page_id=5462#primaryimage\",\"url\":\"https:\/\/www.zdenkapiseprevas.sk\/wp-content\/uploads\/2020\/11\/74272417_481158129159010_3804020274567839744_n.jpg\",\"contentUrl\":\"https:\/\/www.zdenkapiseprevas.sk\/wp-content\/uploads\/2020\/11\/74272417_481158129159010_3804020274567839744_n.jpg\",\"width\":1370,\"height\":1835},{\"@type\":\"BreadcrumbList\",\"@id\":\"https:\/\/www.zdenkapiseprevas.sk\/?page_id=5462#breadcrumb\",\"itemListElement\":[{\"@type\":\"ListItem\",\"position\":1,\"name\":\"Home\",\"item\":\"https:\/\/www.zdenkapiseprevas.sk\/\"},{\"@type\":\"ListItem\",\"position\":2,\"name\":\"Pre\u010do \u017eivot bol\u00ed alebo ako to v\u0161etko za\u010dalo\"}]},{\"@type\":\"WebSite\",\"@id\":\"https:\/\/www.zdenkapiseprevas.sk\/#website\",\"url\":\"https:\/\/www.zdenkapiseprevas.sk\/\",\"name\":\"Zdenka p\u00ed\u0161e pre v\u00e1s\",\"description\":\"Knihy p\u00edsan\u00e9 srdcom\",\"publisher\":{\"@id\":\"https:\/\/www.zdenkapiseprevas.sk\/#\/schema\/person\/ebeffc0fa86d464a09fe96b5644e53d2\"},\"potentialAction\":[{\"@type\":\"SearchAction\",\"target\":{\"@type\":\"EntryPoint\",\"urlTemplate\":\"https:\/\/www.zdenkapiseprevas.sk\/?s={search_term_string}\"},\"query-input\":{\"@type\":\"PropertyValueSpecification\",\"valueRequired\":true,\"valueName\":\"search_term_string\"}}],\"inLanguage\":\"sk-SK\"},{\"@type\":[\"Person\",\"Organization\"],\"@id\":\"https:\/\/www.zdenkapiseprevas.sk\/#\/schema\/person\/ebeffc0fa86d464a09fe96b5644e53d2\",\"name\":\"Zdenka.Svabekova\",\"image\":{\"@type\":\"ImageObject\",\"inLanguage\":\"sk-SK\",\"@id\":\"https:\/\/www.zdenkapiseprevas.sk\/#\/schema\/person\/image\/\",\"url\":\"https:\/\/secure.gravatar.com\/avatar\/aa2cd587c67d771b6a78e28c9a9356b769e480bfe9c98700f9d609738c52d8c7?s=96&d=mm&r=g\",\"contentUrl\":\"https:\/\/secure.gravatar.com\/avatar\/aa2cd587c67d771b6a78e28c9a9356b769e480bfe9c98700f9d609738c52d8c7?s=96&d=mm&r=g\",\"caption\":\"Zdenka.Svabekova\"},\"logo\":{\"@id\":\"https:\/\/www.zdenkapiseprevas.sk\/#\/schema\/person\/image\/\"}}]}<\/script>\n<!-- \/ Yoast SEO plugin. -->","yoast_head_json":{"title":"Pre\u010do \u017eivot bol\u00ed alebo ako to v\u0161etko za\u010dalo - Zdenka p\u00ed\u0161e pre v\u00e1s","robots":{"index":"index","follow":"follow","max-snippet":"max-snippet:-1","max-image-preview":"max-image-preview:large","max-video-preview":"max-video-preview:-1"},"canonical":"https:\/\/www.zdenkapiseprevas.sk\/?page_id=5462","og_locale":"sk_SK","og_type":"article","og_title":"Pre\u010do \u017eivot bol\u00ed alebo ako to v\u0161etko za\u010dalo - Zdenka p\u00ed\u0161e pre v\u00e1s","og_description":"Zozn\u00e1mili sme sa \u010disto prozaicky. H\u013eadal som zn\u00e1me osobnosti zo sveta literat\u00fary, spisovate\u013eky a\u00a0poetky, spisovate\u013eov a\u00a0b\u00e1snikov k\u00a0rozhovoru pre jeden internetov\u00fd magaz\u00edn.\u00a0 Od svojej zn\u00e1mej som dostal odpor\u00fa\u010danie aj na \u0148u. Dovtedy som o\u00a0tejto \u017eene ni\u010d nepo\u010dul, hoci ako som zistil &hellip; Pokra\u010dova\u0165 v \u010d\u00edtan\u00ed &rarr;","og_url":"https:\/\/www.zdenkapiseprevas.sk\/?page_id=5462","og_site_name":"Zdenka p\u00ed\u0161e pre v\u00e1s","article_modified_time":"2021-09-04T06:54:45+00:00","og_image":[{"url":"https:\/\/www.zdenkapiseprevas.sk\/wp-content\/uploads\/2020\/11\/74272417_481158129159010_3804020274567839744_n-224x300.jpg","type":"","width":"","height":""}],"twitter_card":"summary_large_image","twitter_misc":{"Predpokladan\u00fd \u010das \u010d\u00edtania":"6 min\u00fat"},"schema":{"@context":"https:\/\/schema.org","@graph":[{"@type":"WebPage","@id":"https:\/\/www.zdenkapiseprevas.sk\/?page_id=5462","url":"https:\/\/www.zdenkapiseprevas.sk\/?page_id=5462","name":"Pre\u010do \u017eivot bol\u00ed alebo ako to v\u0161etko za\u010dalo - Zdenka p\u00ed\u0161e pre v\u00e1s","isPartOf":{"@id":"https:\/\/www.zdenkapiseprevas.sk\/#website"},"primaryImageOfPage":{"@id":"https:\/\/www.zdenkapiseprevas.sk\/?page_id=5462#primaryimage"},"image":{"@id":"https:\/\/www.zdenkapiseprevas.sk\/?page_id=5462#primaryimage"},"thumbnailUrl":"https:\/\/www.zdenkapiseprevas.sk\/wp-content\/uploads\/2020\/11\/74272417_481158129159010_3804020274567839744_n-224x300.jpg","datePublished":"2021-09-03T22:09:55+00:00","dateModified":"2021-09-04T06:54:45+00:00","breadcrumb":{"@id":"https:\/\/www.zdenkapiseprevas.sk\/?page_id=5462#breadcrumb"},"inLanguage":"sk-SK","potentialAction":[{"@type":"ReadAction","target":["https:\/\/www.zdenkapiseprevas.sk\/?page_id=5462"]}]},{"@type":"ImageObject","inLanguage":"sk-SK","@id":"https:\/\/www.zdenkapiseprevas.sk\/?page_id=5462#primaryimage","url":"https:\/\/www.zdenkapiseprevas.sk\/wp-content\/uploads\/2020\/11\/74272417_481158129159010_3804020274567839744_n.jpg","contentUrl":"https:\/\/www.zdenkapiseprevas.sk\/wp-content\/uploads\/2020\/11\/74272417_481158129159010_3804020274567839744_n.jpg","width":1370,"height":1835},{"@type":"BreadcrumbList","@id":"https:\/\/www.zdenkapiseprevas.sk\/?page_id=5462#breadcrumb","itemListElement":[{"@type":"ListItem","position":1,"name":"Home","item":"https:\/\/www.zdenkapiseprevas.sk\/"},{"@type":"ListItem","position":2,"name":"Pre\u010do \u017eivot bol\u00ed alebo ako to v\u0161etko za\u010dalo"}]},{"@type":"WebSite","@id":"https:\/\/www.zdenkapiseprevas.sk\/#website","url":"https:\/\/www.zdenkapiseprevas.sk\/","name":"Zdenka p\u00ed\u0161e pre v\u00e1s","description":"Knihy p\u00edsan\u00e9 srdcom","publisher":{"@id":"https:\/\/www.zdenkapiseprevas.sk\/#\/schema\/person\/ebeffc0fa86d464a09fe96b5644e53d2"},"potentialAction":[{"@type":"SearchAction","target":{"@type":"EntryPoint","urlTemplate":"https:\/\/www.zdenkapiseprevas.sk\/?s={search_term_string}"},"query-input":{"@type":"PropertyValueSpecification","valueRequired":true,"valueName":"search_term_string"}}],"inLanguage":"sk-SK"},{"@type":["Person","Organization"],"@id":"https:\/\/www.zdenkapiseprevas.sk\/#\/schema\/person\/ebeffc0fa86d464a09fe96b5644e53d2","name":"Zdenka.Svabekova","image":{"@type":"ImageObject","inLanguage":"sk-SK","@id":"https:\/\/www.zdenkapiseprevas.sk\/#\/schema\/person\/image\/","url":"https:\/\/secure.gravatar.com\/avatar\/aa2cd587c67d771b6a78e28c9a9356b769e480bfe9c98700f9d609738c52d8c7?s=96&d=mm&r=g","contentUrl":"https:\/\/secure.gravatar.com\/avatar\/aa2cd587c67d771b6a78e28c9a9356b769e480bfe9c98700f9d609738c52d8c7?s=96&d=mm&r=g","caption":"Zdenka.Svabekova"},"logo":{"@id":"https:\/\/www.zdenkapiseprevas.sk\/#\/schema\/person\/image\/"}}]}},"jetpack_sharing_enabled":true,"_links":{"self":[{"href":"https:\/\/www.zdenkapiseprevas.sk\/index.php?rest_route=\/wp\/v2\/pages\/5462","targetHints":{"allow":["GET"]}}],"collection":[{"href":"https:\/\/www.zdenkapiseprevas.sk\/index.php?rest_route=\/wp\/v2\/pages"}],"about":[{"href":"https:\/\/www.zdenkapiseprevas.sk\/index.php?rest_route=\/wp\/v2\/types\/page"}],"author":[{"embeddable":true,"href":"https:\/\/www.zdenkapiseprevas.sk\/index.php?rest_route=\/wp\/v2\/users\/1"}],"replies":[{"embeddable":true,"href":"https:\/\/www.zdenkapiseprevas.sk\/index.php?rest_route=%2Fwp%2Fv2%2Fcomments&post=5462"}],"version-history":[{"count":6,"href":"https:\/\/www.zdenkapiseprevas.sk\/index.php?rest_route=\/wp\/v2\/pages\/5462\/revisions"}],"predecessor-version":[{"id":5505,"href":"https:\/\/www.zdenkapiseprevas.sk\/index.php?rest_route=\/wp\/v2\/pages\/5462\/revisions\/5505"}],"wp:attachment":[{"href":"https:\/\/www.zdenkapiseprevas.sk\/index.php?rest_route=%2Fwp%2Fv2%2Fmedia&parent=5462"}],"curies":[{"name":"wp","href":"https:\/\/api.w.org\/{rel}","templated":true}]}}