{"id":6830,"date":"2022-09-11T14:36:56","date_gmt":"2022-09-11T12:36:56","guid":{"rendered":"https:\/\/www.zdenkapiseprevas.sk\/?page_id=6830"},"modified":"2023-10-04T16:52:36","modified_gmt":"2023-10-04T14:52:36","slug":"krst-knihy-nahota-psyche-resume","status":"publish","type":"page","link":"https:\/\/www.zdenkapiseprevas.sk\/?page_id=6830","title":{"rendered":"Krst knihy Nahota psych\u00e9 &#8211; resum\u00e9"},"content":{"rendered":"\t\t<div data-elementor-type=\"wp-page\" data-elementor-id=\"6830\" class=\"elementor elementor-6830\">\n\t\t\t\t\t\t<section class=\"elementor-section elementor-top-section elementor-element elementor-element-77c7e08 elementor-section-boxed elementor-section-height-default elementor-section-height-default\" data-id=\"77c7e08\" data-element_type=\"section\" data-e-type=\"section\">\n\t\t\t\t\t\t<div class=\"elementor-container elementor-column-gap-default\">\n\t\t\t\t\t<div class=\"elementor-column elementor-col-100 elementor-top-column elementor-element elementor-element-5b02f43\" data-id=\"5b02f43\" data-element_type=\"column\" data-e-type=\"column\">\n\t\t\t<div class=\"elementor-widget-wrap elementor-element-populated\">\n\t\t\t\t\t\t<div class=\"elementor-element elementor-element-c4da890 elementor-widget elementor-widget-text-editor\" data-id=\"c4da890\" data-element_type=\"widget\" data-e-type=\"widget\" data-widget_type=\"text-editor.default\">\n\t\t\t\t<div class=\"elementor-widget-container\">\n\t\t\t\t\t\t\t\t\t<p>21.7.2022 podve\u010der sme boli v S\u00e9zar caf\u00e9 bar v Senici svedkami n\u00e1dhernej udalosti plnej \u010dlove\u010diny. Za pr\u00edtomnosti asi \u0161tyroch desiatok vz\u00e1cnych host\u00ed tri sudi\u010dky M\u00e1ria Ria Filov\u00e1, Anka Bu\u010dkov\u00e1 a Ren\u00e1tka Pekov\u00e1 uviedli do liter\u00e1rneho \u017eivota n\u00e1dhern\u00fd skuto\u010dn\u00fd pr\u00edbeh v kni\u017enej podobe. Osudov\u00fd pr\u00edbeh \u017eeny, ktorej \u017eivotn\u00fdm \u00fadelom bolo z h\u013abky du\u0161e milova\u0165, vyrovn\u00e1va\u0165 sa s ne\u013e\u00fatostn\u00fdmi ranami osudu a stratami t\u00fdch, ktor\u00fdch milovala. \u017dila bez k\u013e\u00fa\u010da k t\u00fdm spr\u00e1vnym dver\u00e1m, ale mala v sebe kompas l\u00e1sky, ktor\u00fd ch\u00fdbal jej najbli\u017e\u0161\u00edm. Pre\u017eila v\u010faka nezlomnej viere v Boha a s l\u00e1skou v du\u0161i.<\/p>\n<p>NAHOTA PSYCH\u00c9. Kniha, ktor\u00e1 n\u00e1m v\u0161etk\u00fdm, kto sme ju pre\u010d\u00edtali, zostane nav\u017edy v mysli. Prin\u00fati n\u00e1s prem\u00fd\u0161\u013ea\u0165 o \u017eivote, o l\u00e1ske. O tom, pre\u010do sa niektor\u00e9 veci dej\u00fa tak a nie onak, pre\u010do nie v\u0161etko vyjde tak, ako chceme, hoci pre to rob\u00edme v\u0161etko.<\/p>\n<p>Je m\u00e1lo miesta v na\u0161ich srdciach, aby sme mohli vyslovi\u0165 v\u010faku v\u00e1m v\u0161etk\u00fdm, ktor\u00ed ste v\u010dera podve\u010der boli s nami. Allan Miku\u0161ek a Henrich Nov\u00e1k, skvel\u00ed hudobn\u00edci, ktor\u00ed dok\u00e1zali t\u00fdm najkraj\u0161\u00edm sp\u00f4sobom spestri\u0165 cel\u00fa udalos\u0165. Magdal\u00e9na Kucia\u0148ov\u00e1, jej prednes \u00faryvkov a b\u00e1sn\u00ed z Nahoty psych\u00e9 znesie najpr\u00edsnej\u0161ie krit\u00e9ri\u00e1 a doslova chytal za srdce. Janka Kuricov\u00e1, tie\u017e sme ju \u201eprin\u00fatili\u201c recitova\u0165 vlastn\u00e9 ver\u0161e a bolo to nesmierne doj\u00edmav\u00e9. Tom\u00e1\u0161ko Supuka a jeho babka, pani M\u00e1ria Hlav\u00e1\u010dov\u00e1. V poslednej dobe chodia v\u0161ade, kde je Zdenka. Cestuj\u00fa stovky kilometrov, aby mohli by\u0165 s nami. Klob\u00fak dole. M\u00e1ria Ria Filov\u00e1 a Ani\u010dka, majite\u013eka S\u00e9zar caf\u00e9 bar, du\u0161e v\u010deraj\u0161ieho ve\u010dera, ktor\u00e9ho organiz\u00e1cia nemala chybu. Betka \u0160v\u00e1bekov\u00e1, jej kol\u00e1\u010diky chutia \u00fa\u017easne, e\u0161te teraz c\u00edtime ich chu\u0165 v \u00fastach. Anka Bu\u010dkov\u00e1, Ren\u00e1tka Pekov\u00e1, d\u00e1my, ktor\u00fdch pr\u00edtomnos\u0165 bola vidie\u0165 na ka\u017edom kroku. V\u0161etko zvl\u00e1dali s gr\u00e1ciou a \u00fasmevom. Zdenka Klin\u010d\u00e1kov\u00e1, dc\u00e9ra Zdenky Wenzlovej \u0160v\u00e1bekovej, priniesla vern\u00fa k\u00f3piu Nahoty psych\u00e9 v podobe obrovskej torty, po ktorej ochutnan\u00ed zost\u00e1valo neb\u00ed\u010dko v papu\u013eke. Martinka Tomanov\u00e1 a Inka \u0160tel\u00e1rov\u00e1, napriek ve\u013ekej zanepr\u00e1zdnenosti si na\u0161li \u010das a pri\u0161li podpori\u0165 svoju maminu. Obrovsk\u00fdm a mil\u00fdm prekvapen\u00edm pre Zdenku bola pr\u00edtomnos\u0165 Helenky \u0160ul\u00edk \u0160alingovej, d\u00e1my, ktor\u00e1 je spolu so Zdenkou a Ren\u00e1tkou Pechovou \u010dlenkou ob\u010dianskeho zdru\u017eenia Roztaven\u00e9 put\u00e1, cez ktor\u00e9 pom\u00e1haj\u00fa aj soci\u00e1lne slab\u0161\u00edm \u013eu\u010fom.<\/p>\n<p>Ned\u00e1 mi nespomen\u00fa\u0165 diev\u010dat\u00e1, ktor\u00e9 sa ve\u013emi na krst te\u0161ili, ale z r\u00f4znych okolnost\u00ed nemohli pr\u00eds\u0165. Marika Vel\u010f\u00e1kov\u00e1, o ktorej tu\u0161\u00edme, \u017ee m\u00e1 spolu\u00fa\u010das\u0165 na organiz\u00e1cii akcie, pri\u0161la len v de\u0148 krstu z pr\u00e1ce v Nemecku a Martu\u0161ka Havlov\u00e1, ktor\u00fa pre zmenu prekvapil covid.<\/p>\n<p>Pri krste knihy Nahota psych\u00e9 sme museli prizna\u0165, \u017ee m\u00e1me vo\u010di Zdenkin\u00fdm \u010ditate\u013eom jeden rest, ktor\u00fd sme sa rozhodli napravi\u0165. NEVIEM PL\u00c1VA\u0164, n\u00e1dhern\u00fd pr\u00edbeh o vz\u0165ahu matky a dc\u00e9ry, o tom, ako sa dc\u00e9ra nechce podoba\u0165 svojej matke a predsa je jej \u017eivot ako poh\u013ead do zrkadla. Tak t\u00fato knihu sme e\u0161te nekrstili, bola korona a s \u0148ou spojen\u00e9 v\u0161etky tie pand\u00e9mie a z\u00e1kazy a tak sa nedalo. Vyu\u017eili sme v\u010deraj\u0161\u00ed podve\u010der a plno kr\u00e1snych \u013eud\u00ed a mojej mali\u010dkosti, \u010di sk\u00f4r veli\u010dkosti sa dostalo tej cti by\u0165 krstn\u00fdm tatom. Krstili sme atramentom, aby sa Zdenke na\u010falej dobre p\u00edsalo. S\u00fa\u010das\u0165ou tohto nepl\u00e1novan\u00e9ho krstu bola dra\u017eba atramentom pozna\u010denej knihy. Spont\u00e1nna akcia vyvolala nev\u00eddan\u00fd rozruch a n\u00e1dhern\u00fa spolupatri\u010dnos\u0165, najm\u00e4 po tom, ke\u010f Zdenka ozn\u00e1mila, \u017ee v\u00fd\u0165a\u017eok z dra\u017eby ide na podporu Tom\u00e1\u0161ka Supuku, chlapca postihnut\u00e9ho autizmom. Verili by ste, \u017ee kniha Neviem pl\u00e1va\u0165 sa vydra\u017eila a\u017e za neskuto\u010dn\u00fdch nieko\u013eko sto eur? Veru tak. Hoci som dos\u0165 tvrd\u00fd chlap a v \u017eivote som u\u017e v\u0161eli\u010do presk\u00e1kal, tak\u00e9to chv\u00edle ma dok\u00e1\u017eu rozc\u00edti\u0165 a\u017e na slzu.<\/p>\n<p>V\u0161etko pekn\u00e9 sa raz skon\u010d\u00ed. Aj v\u010deraj\u0161\u00ed ve\u010der v S\u00e9zar caf\u00e9 bare mal svoj zvonec, ktor\u00fd dal na\u0161ej rozpr\u00e1vke koniec. Srde\u010dn\u00e1 atmosf\u00e9ra nami h\u00fdbala do hlbokej noci. Predsa s\u00fa chv\u00edle, ktor\u00e9 nekon\u010dia len tak.<\/p>\n<p>Ver\u00edm, \u017ee do Zdenkinej zbierky kn\u00edh \u010doskoro pribudne \u010fal\u0161\u00ed pr\u00edbeh, v ktorom odhal\u00ed \u010fal\u0161ie tajomstv\u00e1 \u017eenskej du\u0161e a v\u00f4bec nemus\u00ed by\u0165 nah\u00e1, m\u00f4\u017ee by\u0165 aj oble\u010den\u00e1 a my sa znova stretneme.<br><\/p><p>Julien Dan<\/p>\t\t\t\t\t\t\t\t<\/div>\n\t\t\t\t<\/div>\n\t\t\t\t\t<\/div>\n\t\t<\/div>\n\t\t\t\t\t<\/div>\n\t\t<\/section>\n\t\t<div class=\"elementor-element elementor-element-3432162 e-flex e-con-boxed e-con e-parent\" data-id=\"3432162\" data-element_type=\"container\" data-e-type=\"container\">\n\t\t\t\t\t<div class=\"e-con-inner\">\n\t\t\t\t<div class=\"elementor-element elementor-element-60424f2 elementor-align-justify elementor-widget elementor-widget-button\" data-id=\"60424f2\" data-element_type=\"widget\" data-e-type=\"widget\" data-widget_type=\"button.default\">\n\t\t\t\t<div class=\"elementor-widget-container\">\n\t\t\t\t\t\t\t\t\t<div class=\"elementor-button-wrapper\">\n\t\t\t\t\t<a class=\"elementor-button elementor-button-link elementor-size-sm\" href=\"#\">\n\t\t\t\t\t\t<span class=\"elementor-button-content-wrapper\">\n\t\t\t\t\t\t<span class=\"elementor-button-icon\">\n\t\t\t\t<svg aria-hidden=\"true\" class=\"e-font-icon-svg e-far-hand-point-right\" viewBox=\"0 0 512 512\" xmlns=\"http:\/\/www.w3.org\/2000\/svg\"><path d=\"M428.8 137.6h-86.177a115.52 115.52 0 0 0 2.176-22.4c0-47.914-35.072-83.2-92-83.2-45.314 0-57.002 48.537-75.707 78.784-7.735 12.413-16.994 23.317-25.851 33.253l-.131.146-.129.148C135.662 161.807 127.764 168 120.8 168h-2.679c-5.747-4.952-13.536-8-22.12-8H32c-17.673 0-32 12.894-32 28.8v230.4C0 435.106 14.327 448 32 448h64c8.584 0 16.373-3.048 22.12-8h2.679c28.688 0 67.137 40 127.2 40h21.299c62.542 0 98.8-38.658 99.94-91.145 12.482-17.813 18.491-40.785 15.985-62.791A93.148 93.148 0 0 0 393.152 304H428.8c45.435 0 83.2-37.584 83.2-83.2 0-45.099-38.101-83.2-83.2-83.2zm0 118.4h-91.026c12.837 14.669 14.415 42.825-4.95 61.05 11.227 19.646 1.687 45.624-12.925 53.625 6.524 39.128-10.076 61.325-50.6 61.325H248c-45.491 0-77.21-35.913-120-39.676V215.571c25.239-2.964 42.966-21.222 59.075-39.596 11.275-12.65 21.725-25.3 30.799-39.875C232.355 112.712 244.006 80 252.8 80c23.375 0 44 8.8 44 35.2 0 35.2-26.4 53.075-26.4 70.4h158.4c18.425 0 35.2 16.5 35.2 35.2 0 18.975-16.225 35.2-35.2 35.2zM88 384c0 13.255-10.745 24-24 24s-24-10.745-24-24 10.745-24 24-24 24 10.745 24 24z\"><\/path><\/svg>\t\t\t<\/span>\n\t\t\t\t\t\t\t\t\t<span class=\"elementor-button-text\">Prejs\u0165 na recenzie a koment\u00e1re knihy Nahota psych\u00e9<\/span>\n\t\t\t\t\t<\/span>\n\t\t\t\t\t<\/a>\n\t\t\t\t<\/div>\n\t\t\t\t\t\t\t\t<\/div>\n\t\t\t\t<\/div>\n\t\t\t\t\t<\/div>\n\t\t\t\t<\/div>\n\t\t\t\t<section class=\"elementor-section elementor-top-section elementor-element elementor-element-063c587 elementor-section-boxed elementor-section-height-default elementor-section-height-default\" data-id=\"063c587\" data-element_type=\"section\" data-e-type=\"section\">\n\t\t\t\t\t\t<div class=\"elementor-container elementor-column-gap-default\">\n\t\t\t\t\t<div class=\"elementor-column elementor-col-100 elementor-top-column elementor-element elementor-element-ec70bc9\" data-id=\"ec70bc9\" data-element_type=\"column\" data-e-type=\"column\">\n\t\t\t<div class=\"elementor-widget-wrap elementor-element-populated\">\n\t\t\t\t\t\t<div class=\"elementor-element elementor-element-d688abb elementor-align-justify elementor-widget elementor-widget-button\" data-id=\"d688abb\" data-element_type=\"widget\" data-e-type=\"widget\" data-widget_type=\"button.default\">\n\t\t\t\t<div class=\"elementor-widget-container\">\n\t\t\t\t\t\t\t\t\t<div class=\"elementor-button-wrapper\">\n\t\t\t\t\t<a class=\"elementor-button elementor-button-link elementor-size-sm\" href=\"https:\/\/www.zdenkapiseprevas.sk\/?page_id=6788%20\">\n\t\t\t\t\t\t<span class=\"elementor-button-content-wrapper\">\n\t\t\t\t\t\t<span class=\"elementor-button-icon\">\n\t\t\t\t<svg aria-hidden=\"true\" class=\"e-font-icon-svg e-far-hand-point-right\" viewBox=\"0 0 512 512\" xmlns=\"http:\/\/www.w3.org\/2000\/svg\"><path d=\"M428.8 137.6h-86.177a115.52 115.52 0 0 0 2.176-22.4c0-47.914-35.072-83.2-92-83.2-45.314 0-57.002 48.537-75.707 78.784-7.735 12.413-16.994 23.317-25.851 33.253l-.131.146-.129.148C135.662 161.807 127.764 168 120.8 168h-2.679c-5.747-4.952-13.536-8-22.12-8H32c-17.673 0-32 12.894-32 28.8v230.4C0 435.106 14.327 448 32 448h64c8.584 0 16.373-3.048 22.12-8h2.679c28.688 0 67.137 40 127.2 40h21.299c62.542 0 98.8-38.658 99.94-91.145 12.482-17.813 18.491-40.785 15.985-62.791A93.148 93.148 0 0 0 393.152 304H428.8c45.435 0 83.2-37.584 83.2-83.2 0-45.099-38.101-83.2-83.2-83.2zm0 118.4h-91.026c12.837 14.669 14.415 42.825-4.95 61.05 11.227 19.646 1.687 45.624-12.925 53.625 6.524 39.128-10.076 61.325-50.6 61.325H248c-45.491 0-77.21-35.913-120-39.676V215.571c25.239-2.964 42.966-21.222 59.075-39.596 11.275-12.65 21.725-25.3 30.799-39.875C232.355 112.712 244.006 80 252.8 80c23.375 0 44 8.8 44 35.2 0 35.2-26.4 53.075-26.4 70.4h158.4c18.425 0 35.2 16.5 35.2 35.2 0 18.975-16.225 35.2-35.2 35.2zM88 384c0 13.255-10.745 24-24 24s-24-10.745-24-24 10.745-24 24-24 24 10.745 24 24z\"><\/path><\/svg>\t\t\t<\/span>\n\t\t\t\t\t\t\t\t\t<span class=\"elementor-button-text\">Fotografie z krstu knihy Nahota psych\u00e9 n\u00e1jdete tu<\/span>\n\t\t\t\t\t<\/span>\n\t\t\t\t\t<\/a>\n\t\t\t\t<\/div>\n\t\t\t\t\t\t\t\t<\/div>\n\t\t\t\t<\/div>\n\t\t\t\t\t<\/div>\n\t\t<\/div>\n\t\t\t\t\t<\/div>\n\t\t<\/section>\n\t\t\t\t<\/div>\n\t\t","protected":false},"excerpt":{"rendered":"<p>21.7.2022 podve\u010der sme boli v S\u00e9zar caf\u00e9 bar v Senici svedkami n\u00e1dhernej udalosti plnej \u010dlove\u010diny. Za pr\u00edtomnosti asi \u0161tyroch desiatok vz\u00e1cnych host\u00ed tri sudi\u010dky M\u00e1ria Ria Filov\u00e1, Anka Bu\u010dkov\u00e1 a Ren\u00e1tka Pekov\u00e1 uviedli do liter\u00e1rneho \u017eivota n\u00e1dhern\u00fd skuto\u010dn\u00fd pr\u00edbeh v &hellip; <a href=\"https:\/\/www.zdenkapiseprevas.sk\/?page_id=6830\">Pokra\u010dova\u0165 v \u010d\u00edtan\u00ed <span class=\"meta-nav\">&rarr;<\/span><\/a><\/p>\n","protected":false},"author":1,"featured_media":0,"parent":0,"menu_order":0,"comment_status":"closed","ping_status":"closed","template":"","meta":{"_bbp_topic_count":0,"_bbp_reply_count":0,"_bbp_total_topic_count":0,"_bbp_total_reply_count":0,"_bbp_voice_count":0,"_bbp_anonymous_reply_count":0,"_bbp_topic_count_hidden":0,"_bbp_reply_count_hidden":0,"_bbp_forum_subforum_count":0,"_monsterinsights_skip_tracking":false,"_monsterinsights_sitenote_active":false,"_monsterinsights_sitenote_note":"","_monsterinsights_sitenote_category":0,"footnotes":""},"class_list":["post-6830","page","type-page","status-publish","hentry"],"yoast_head":"<!-- This site is optimized with the Yoast SEO plugin v26.4 - https:\/\/yoast.com\/wordpress\/plugins\/seo\/ -->\n<title>Krst knihy Nahota psych\u00e9 - resum\u00e9 - Zdenka p\u00ed\u0161e pre v\u00e1s<\/title>\n<meta name=\"robots\" content=\"index, follow, max-snippet:-1, max-image-preview:large, max-video-preview:-1\" \/>\n<link rel=\"canonical\" href=\"https:\/\/www.zdenkapiseprevas.sk\/?page_id=6830\" \/>\n<meta property=\"og:locale\" content=\"sk_SK\" \/>\n<meta property=\"og:type\" content=\"article\" \/>\n<meta property=\"og:title\" content=\"Krst knihy Nahota psych\u00e9 - resum\u00e9 - Zdenka p\u00ed\u0161e pre v\u00e1s\" \/>\n<meta property=\"og:description\" content=\"21.7.2022 podve\u010der sme boli v S\u00e9zar caf\u00e9 bar v Senici svedkami n\u00e1dhernej udalosti plnej \u010dlove\u010diny. Za pr\u00edtomnosti asi \u0161tyroch desiatok vz\u00e1cnych host\u00ed tri sudi\u010dky M\u00e1ria Ria Filov\u00e1, Anka Bu\u010dkov\u00e1 a Ren\u00e1tka Pekov\u00e1 uviedli do liter\u00e1rneho \u017eivota n\u00e1dhern\u00fd skuto\u010dn\u00fd pr\u00edbeh v &hellip; Pokra\u010dova\u0165 v \u010d\u00edtan\u00ed &rarr;\" \/>\n<meta property=\"og:url\" content=\"https:\/\/www.zdenkapiseprevas.sk\/?page_id=6830\" \/>\n<meta property=\"og:site_name\" content=\"Zdenka p\u00ed\u0161e pre v\u00e1s\" \/>\n<meta property=\"article:modified_time\" content=\"2023-10-04T14:52:36+00:00\" \/>\n<meta name=\"twitter:card\" content=\"summary_large_image\" \/>\n<meta name=\"twitter:label1\" content=\"Predpokladan\u00fd \u010das \u010d\u00edtania\" \/>\n\t<meta name=\"twitter:data1\" content=\"3 min\u00faty\" \/>\n<script type=\"application\/ld+json\" class=\"yoast-schema-graph\">{\"@context\":\"https:\/\/schema.org\",\"@graph\":[{\"@type\":\"WebPage\",\"@id\":\"https:\/\/www.zdenkapiseprevas.sk\/?page_id=6830\",\"url\":\"https:\/\/www.zdenkapiseprevas.sk\/?page_id=6830\",\"name\":\"Krst knihy Nahota psych\u00e9 - resum\u00e9 - Zdenka p\u00ed\u0161e pre v\u00e1s\",\"isPartOf\":{\"@id\":\"https:\/\/www.zdenkapiseprevas.sk\/#website\"},\"datePublished\":\"2022-09-11T12:36:56+00:00\",\"dateModified\":\"2023-10-04T14:52:36+00:00\",\"breadcrumb\":{\"@id\":\"https:\/\/www.zdenkapiseprevas.sk\/?page_id=6830#breadcrumb\"},\"inLanguage\":\"sk-SK\",\"potentialAction\":[{\"@type\":\"ReadAction\",\"target\":[\"https:\/\/www.zdenkapiseprevas.sk\/?page_id=6830\"]}]},{\"@type\":\"BreadcrumbList\",\"@id\":\"https:\/\/www.zdenkapiseprevas.sk\/?page_id=6830#breadcrumb\",\"itemListElement\":[{\"@type\":\"ListItem\",\"position\":1,\"name\":\"Home\",\"item\":\"https:\/\/www.zdenkapiseprevas.sk\/\"},{\"@type\":\"ListItem\",\"position\":2,\"name\":\"Krst knihy Nahota psych\u00e9 &#8211; resum\u00e9\"}]},{\"@type\":\"WebSite\",\"@id\":\"https:\/\/www.zdenkapiseprevas.sk\/#website\",\"url\":\"https:\/\/www.zdenkapiseprevas.sk\/\",\"name\":\"Zdenka p\u00ed\u0161e pre v\u00e1s\",\"description\":\"Knihy p\u00edsan\u00e9 srdcom\",\"publisher\":{\"@id\":\"https:\/\/www.zdenkapiseprevas.sk\/#\/schema\/person\/ebeffc0fa86d464a09fe96b5644e53d2\"},\"potentialAction\":[{\"@type\":\"SearchAction\",\"target\":{\"@type\":\"EntryPoint\",\"urlTemplate\":\"https:\/\/www.zdenkapiseprevas.sk\/?s={search_term_string}\"},\"query-input\":{\"@type\":\"PropertyValueSpecification\",\"valueRequired\":true,\"valueName\":\"search_term_string\"}}],\"inLanguage\":\"sk-SK\"},{\"@type\":[\"Person\",\"Organization\"],\"@id\":\"https:\/\/www.zdenkapiseprevas.sk\/#\/schema\/person\/ebeffc0fa86d464a09fe96b5644e53d2\",\"name\":\"Zdenka.Svabekova\",\"image\":{\"@type\":\"ImageObject\",\"inLanguage\":\"sk-SK\",\"@id\":\"https:\/\/www.zdenkapiseprevas.sk\/#\/schema\/person\/image\/\",\"url\":\"https:\/\/secure.gravatar.com\/avatar\/aa2cd587c67d771b6a78e28c9a9356b769e480bfe9c98700f9d609738c52d8c7?s=96&d=mm&r=g\",\"contentUrl\":\"https:\/\/secure.gravatar.com\/avatar\/aa2cd587c67d771b6a78e28c9a9356b769e480bfe9c98700f9d609738c52d8c7?s=96&d=mm&r=g\",\"caption\":\"Zdenka.Svabekova\"},\"logo\":{\"@id\":\"https:\/\/www.zdenkapiseprevas.sk\/#\/schema\/person\/image\/\"}}]}<\/script>\n<!-- \/ Yoast SEO plugin. -->","yoast_head_json":{"title":"Krst knihy Nahota psych\u00e9 - resum\u00e9 - Zdenka p\u00ed\u0161e pre v\u00e1s","robots":{"index":"index","follow":"follow","max-snippet":"max-snippet:-1","max-image-preview":"max-image-preview:large","max-video-preview":"max-video-preview:-1"},"canonical":"https:\/\/www.zdenkapiseprevas.sk\/?page_id=6830","og_locale":"sk_SK","og_type":"article","og_title":"Krst knihy Nahota psych\u00e9 - resum\u00e9 - Zdenka p\u00ed\u0161e pre v\u00e1s","og_description":"21.7.2022 podve\u010der sme boli v S\u00e9zar caf\u00e9 bar v Senici svedkami n\u00e1dhernej udalosti plnej \u010dlove\u010diny. Za pr\u00edtomnosti asi \u0161tyroch desiatok vz\u00e1cnych host\u00ed tri sudi\u010dky M\u00e1ria Ria Filov\u00e1, Anka Bu\u010dkov\u00e1 a Ren\u00e1tka Pekov\u00e1 uviedli do liter\u00e1rneho \u017eivota n\u00e1dhern\u00fd skuto\u010dn\u00fd pr\u00edbeh v &hellip; Pokra\u010dova\u0165 v \u010d\u00edtan\u00ed &rarr;","og_url":"https:\/\/www.zdenkapiseprevas.sk\/?page_id=6830","og_site_name":"Zdenka p\u00ed\u0161e pre v\u00e1s","article_modified_time":"2023-10-04T14:52:36+00:00","twitter_card":"summary_large_image","twitter_misc":{"Predpokladan\u00fd \u010das \u010d\u00edtania":"3 min\u00faty"},"schema":{"@context":"https:\/\/schema.org","@graph":[{"@type":"WebPage","@id":"https:\/\/www.zdenkapiseprevas.sk\/?page_id=6830","url":"https:\/\/www.zdenkapiseprevas.sk\/?page_id=6830","name":"Krst knihy Nahota psych\u00e9 - resum\u00e9 - Zdenka p\u00ed\u0161e pre v\u00e1s","isPartOf":{"@id":"https:\/\/www.zdenkapiseprevas.sk\/#website"},"datePublished":"2022-09-11T12:36:56+00:00","dateModified":"2023-10-04T14:52:36+00:00","breadcrumb":{"@id":"https:\/\/www.zdenkapiseprevas.sk\/?page_id=6830#breadcrumb"},"inLanguage":"sk-SK","potentialAction":[{"@type":"ReadAction","target":["https:\/\/www.zdenkapiseprevas.sk\/?page_id=6830"]}]},{"@type":"BreadcrumbList","@id":"https:\/\/www.zdenkapiseprevas.sk\/?page_id=6830#breadcrumb","itemListElement":[{"@type":"ListItem","position":1,"name":"Home","item":"https:\/\/www.zdenkapiseprevas.sk\/"},{"@type":"ListItem","position":2,"name":"Krst knihy Nahota psych\u00e9 &#8211; resum\u00e9"}]},{"@type":"WebSite","@id":"https:\/\/www.zdenkapiseprevas.sk\/#website","url":"https:\/\/www.zdenkapiseprevas.sk\/","name":"Zdenka p\u00ed\u0161e pre v\u00e1s","description":"Knihy p\u00edsan\u00e9 srdcom","publisher":{"@id":"https:\/\/www.zdenkapiseprevas.sk\/#\/schema\/person\/ebeffc0fa86d464a09fe96b5644e53d2"},"potentialAction":[{"@type":"SearchAction","target":{"@type":"EntryPoint","urlTemplate":"https:\/\/www.zdenkapiseprevas.sk\/?s={search_term_string}"},"query-input":{"@type":"PropertyValueSpecification","valueRequired":true,"valueName":"search_term_string"}}],"inLanguage":"sk-SK"},{"@type":["Person","Organization"],"@id":"https:\/\/www.zdenkapiseprevas.sk\/#\/schema\/person\/ebeffc0fa86d464a09fe96b5644e53d2","name":"Zdenka.Svabekova","image":{"@type":"ImageObject","inLanguage":"sk-SK","@id":"https:\/\/www.zdenkapiseprevas.sk\/#\/schema\/person\/image\/","url":"https:\/\/secure.gravatar.com\/avatar\/aa2cd587c67d771b6a78e28c9a9356b769e480bfe9c98700f9d609738c52d8c7?s=96&d=mm&r=g","contentUrl":"https:\/\/secure.gravatar.com\/avatar\/aa2cd587c67d771b6a78e28c9a9356b769e480bfe9c98700f9d609738c52d8c7?s=96&d=mm&r=g","caption":"Zdenka.Svabekova"},"logo":{"@id":"https:\/\/www.zdenkapiseprevas.sk\/#\/schema\/person\/image\/"}}]}},"jetpack_sharing_enabled":true,"_links":{"self":[{"href":"https:\/\/www.zdenkapiseprevas.sk\/index.php?rest_route=\/wp\/v2\/pages\/6830","targetHints":{"allow":["GET"]}}],"collection":[{"href":"https:\/\/www.zdenkapiseprevas.sk\/index.php?rest_route=\/wp\/v2\/pages"}],"about":[{"href":"https:\/\/www.zdenkapiseprevas.sk\/index.php?rest_route=\/wp\/v2\/types\/page"}],"author":[{"embeddable":true,"href":"https:\/\/www.zdenkapiseprevas.sk\/index.php?rest_route=\/wp\/v2\/users\/1"}],"replies":[{"embeddable":true,"href":"https:\/\/www.zdenkapiseprevas.sk\/index.php?rest_route=%2Fwp%2Fv2%2Fcomments&post=6830"}],"version-history":[{"count":6,"href":"https:\/\/www.zdenkapiseprevas.sk\/index.php?rest_route=\/wp\/v2\/pages\/6830\/revisions"}],"predecessor-version":[{"id":6992,"href":"https:\/\/www.zdenkapiseprevas.sk\/index.php?rest_route=\/wp\/v2\/pages\/6830\/revisions\/6992"}],"wp:attachment":[{"href":"https:\/\/www.zdenkapiseprevas.sk\/index.php?rest_route=%2Fwp%2Fv2%2Fmedia&parent=6830"}],"curies":[{"name":"wp","href":"https:\/\/api.w.org\/{rel}","templated":true}]}}