{"id":7327,"date":"2025-01-02T08:20:19","date_gmt":"2025-01-02T07:20:19","guid":{"rendered":"https:\/\/www.zdenkapiseprevas.sk\/?post_type=product&#038;p=7327"},"modified":"2025-07-10T18:50:29","modified_gmt":"2025-07-10T16:50:29","slug":"neme-puto-motyli-efekt","status":"publish","type":"product","link":"https:\/\/www.zdenkapiseprevas.sk\/?product=neme-puto-motyli-efekt","title":{"rendered":"Nem\u00e9 puto-Mot\u00fdl\u00ed efekt"},"content":{"rendered":"<p>Pokra\u010dovanie rom\u00e1nu Nem\u00e9 puto Zdenky Wenzlovej \u0160v\u00e1bekovej, jeho druh\u00e1 \u010das\u0165 nesie n\u00e1zov Mot\u00fdl\u00ed efekt.<\/p>\n","protected":false},"excerpt":{"rendered":"<div class=\"x11i5rnm xat24cr x1mh8g0r x1vvkbs xtlvy1s x126k92a\">\n<div dir=\"auto\">Nechajte sa vies\u0165 tajomstvami, ktor\u00e9 sa v\u00e1m odhalia postupne, ako jemn\u00e9 vrstvy mot\u00fdl\u00edch kr\u00eddel, k\u00fdm sa pred vami nerozprestrie cel\u00e1 mozaika osudov.<\/div>\n<\/div>\n<div class=\"x11i5rnm xat24cr x1mh8g0r x1vvkbs xtlvy1s x126k92a\">\n<div dir=\"auto\">Podtitul \u201eMot\u00fdl\u00ed efekt\u201c nesie v sebe hlbok\u00fa symboliku.<\/div>\n<\/div>\n<div class=\"x11i5rnm xat24cr x1mh8g0r x1vvkbs xtlvy1s x126k92a\">\n<div dir=\"auto\">\u010coskoro objav\u00edte, \u017ee zdanlivo bezv\u00fdznamn\u00fd skutok m\u00f4\u017ee spusti\u0165 vlnu ne\u010dakan\u00fdch udalost\u00ed.<\/div>\n<div dir=\"auto\">Ne\u010dujn\u00e9 m\u00e1vnutie mot\u00fdl\u00edch kr\u00eddel m\u00f4\u017ee rozh\u00fdba\u0165 vzdialen\u00fd oce\u00e1n, rovnako ako zdanlivo nepatrn\u00e9 okamihy v \u017eivote hlavnej postavy m\u00f4\u017eu rozp\u00fata\u0165 v\u00edr em\u00f3ci\u00ed \u2013 nielen v jej srdci, ale aj v du\u0161iach t\u00fdch, ktor\u00ed pr\u00edbeh pre\u017eij\u00fa spolu s \u0148ou.<\/div>\n<\/div>\n<div class=\"x11i5rnm xat24cr x1mh8g0r x1vvkbs xtlvy1s x126k92a\">\n<div dir=\"auto\">Mot\u00fdl\u00ed efekt nie je len te\u00f3riou chaosu, ale pulzuj\u00facou metaforou \u017eivota. Ka\u017ed\u00e9 rozhodnutie, ka\u017ed\u00e9 slovo a ka\u017ed\u00fd \u010din s\u00fa ako tich\u00e9 m\u00e1vnutia kr\u00eddel, ktor\u00e9 m\u00f4\u017eu spusti\u0165 lav\u00ednu nepredv\u00eddate\u013en\u00fdch zmien.<\/div>\n<div dir=\"auto\">Tento odkaz autorka utkala do pr\u00edbehu ako jemn\u00fa pavu\u010dinu, aby v\u00e1s in\u0161piroval objavova\u0165 kr\u00e1su a zanechal odkaz ukryt\u00fd v nepredv\u00eddate\u013enosti \u017eivota.<\/div>\n<\/div>\n<p> <a href=\"https:\/\/www.zdenkapiseprevas.sk\/?product=neme-puto-motyli-efekt\">Pokra\u010dova\u0165 v \u010d\u00edtan\u00ed <span class=\"meta-nav\">&rarr;<\/span><\/a><\/p>\n","protected":false},"featured_media":7331,"comment_status":"open","ping_status":"closed","template":"","meta":{"_bbp_topic_count":0,"_bbp_reply_count":0,"_bbp_total_topic_count":0,"_bbp_total_reply_count":0,"_bbp_voice_count":0,"_bbp_anonymous_reply_count":0,"_bbp_topic_count_hidden":0,"_bbp_reply_count_hidden":0,"_bbp_forum_subforum_count":0,"_monsterinsights_skip_tracking":false,"_monsterinsights_sitenote_active":false,"_monsterinsights_sitenote_note":"","_monsterinsights_sitenote_category":0},"product_brand":[],"product_cat":[22,31],"product_tag":[],"class_list":{"0":"post-7327","1":"product","2":"type-product","3":"status-publish","4":"has-post-thumbnail","6":"product_cat-knihy","7":"product_cat-zdenka-wenzlova-svabekova","8":"product_shipping_class-postovne-za-jednu-knihu-pri-platbe-na-ucet","10":"first","11":"instock","12":"shipping-taxable","13":"purchasable","14":"product-type-simple"},"yoast_head":"<!-- This site is optimized with the Yoast SEO plugin v26.4 - https:\/\/yoast.com\/wordpress\/plugins\/seo\/ -->\n<title>Nem\u00e9 puto-Mot\u00fdl\u00ed efekt - Zdenka p\u00ed\u0161e pre v\u00e1s<\/title>\n<meta name=\"robots\" content=\"index, follow, max-snippet:-1, max-image-preview:large, max-video-preview:-1\" \/>\n<link rel=\"canonical\" href=\"https:\/\/www.zdenkapiseprevas.sk\/?product=neme-puto-motyli-efekt\" \/>\n<meta property=\"og:locale\" content=\"sk_SK\" \/>\n<meta property=\"og:type\" content=\"article\" \/>\n<meta property=\"og:title\" content=\"Nem\u00e9 puto-Mot\u00fdl\u00ed efekt - Zdenka p\u00ed\u0161e pre v\u00e1s\" \/>\n<meta property=\"og:description\" content=\"Nechajte sa vies\u0165 tajomstvami, ktor\u00e9 sa v\u00e1m odhalia postupne, ako jemn\u00e9 vrstvy mot\u00fdl\u00edch kr\u00eddel, k\u00fdm sa pred vami nerozprestrie cel\u00e1 mozaika osudov.   Podtitul \u201eMot\u00fdl\u00ed efekt\u201c nesie v sebe hlbok\u00fa symboliku.   \u010coskoro objav\u00edte, \u017ee zdanlivo bezv\u00fdznamn\u00fd skutok m\u00f4\u017ee spusti\u0165 vlnu ne\u010dakan\u00fdch udalost\u00ed. Ne\u010dujn\u00e9 m\u00e1vnutie mot\u00fdl\u00edch kr\u00eddel m\u00f4\u017ee rozh\u00fdba\u0165 vzdialen\u00fd oce\u00e1n, rovnako ako zdanlivo nepatrn\u00e9 okamihy v \u017eivote hlavnej postavy m\u00f4\u017eu rozp\u00fata\u0165 v\u00edr em\u00f3ci\u00ed \u2013 nielen v jej srdci, ale aj v du\u0161iach t\u00fdch, ktor\u00ed pr\u00edbeh pre\u017eij\u00fa spolu s \u0148ou.   Mot\u00fdl\u00ed efekt nie je len te\u00f3riou chaosu, ale pulzuj\u00facou metaforou \u017eivota. Ka\u017ed\u00e9 rozhodnutie, ka\u017ed\u00e9 slovo a ka\u017ed\u00fd \u010din s\u00fa ako tich\u00e9 m\u00e1vnutia kr\u00eddel, ktor\u00e9 m\u00f4\u017eu spusti\u0165 lav\u00ednu nepredv\u00eddate\u013en\u00fdch zmien. Tento odkaz autorka utkala do pr\u00edbehu ako jemn\u00fa pavu\u010dinu, aby v\u00e1s in\u0161piroval objavova\u0165 kr\u00e1su a zanechal odkaz ukryt\u00fd v nepredv\u00eddate\u013enosti \u017eivota.  Pokra\u010dova\u0165 v \u010d\u00edtan\u00ed &rarr;\" \/>\n<meta property=\"og:url\" content=\"https:\/\/www.zdenkapiseprevas.sk\/?product=neme-puto-motyli-efekt\" \/>\n<meta property=\"og:site_name\" content=\"Zdenka p\u00ed\u0161e pre v\u00e1s\" \/>\n<meta property=\"article:modified_time\" content=\"2025-07-10T16:50:29+00:00\" \/>\n<meta property=\"og:image\" content=\"https:\/\/www.zdenkapiseprevas.sk\/wp-content\/uploads\/2025\/01\/1735811021-removebg-preview.png\" \/>\n\t<meta property=\"og:image:width\" content=\"520\" \/>\n\t<meta property=\"og:image:height\" content=\"480\" \/>\n\t<meta property=\"og:image:type\" content=\"image\/png\" \/>\n<meta name=\"twitter:card\" content=\"summary_large_image\" \/>\n<meta name=\"twitter:label1\" content=\"Predpokladan\u00fd \u010das \u010d\u00edtania\" \/>\n\t<meta name=\"twitter:data1\" content=\"1 min\u00fata\" \/>\n<script type=\"application\/ld+json\" class=\"yoast-schema-graph\">{\"@context\":\"https:\/\/schema.org\",\"@graph\":[{\"@type\":\"WebPage\",\"@id\":\"https:\/\/www.zdenkapiseprevas.sk\/?product=neme-puto-motyli-efekt\",\"url\":\"https:\/\/www.zdenkapiseprevas.sk\/?product=neme-puto-motyli-efekt\",\"name\":\"Nem\u00e9 puto-Mot\u00fdl\u00ed efekt - Zdenka p\u00ed\u0161e pre v\u00e1s\",\"isPartOf\":{\"@id\":\"https:\/\/www.zdenkapiseprevas.sk\/#website\"},\"primaryImageOfPage\":{\"@id\":\"https:\/\/www.zdenkapiseprevas.sk\/?product=neme-puto-motyli-efekt#primaryimage\"},\"image\":{\"@id\":\"https:\/\/www.zdenkapiseprevas.sk\/?product=neme-puto-motyli-efekt#primaryimage\"},\"thumbnailUrl\":\"https:\/\/www.zdenkapiseprevas.sk\/wp-content\/uploads\/2025\/01\/1735811021-removebg-preview.png\",\"datePublished\":\"2025-01-02T07:20:19+00:00\",\"dateModified\":\"2025-07-10T16:50:29+00:00\",\"breadcrumb\":{\"@id\":\"https:\/\/www.zdenkapiseprevas.sk\/?product=neme-puto-motyli-efekt#breadcrumb\"},\"inLanguage\":\"sk-SK\",\"potentialAction\":[{\"@type\":\"ReadAction\",\"target\":[\"https:\/\/www.zdenkapiseprevas.sk\/?product=neme-puto-motyli-efekt\"]}]},{\"@type\":\"ImageObject\",\"inLanguage\":\"sk-SK\",\"@id\":\"https:\/\/www.zdenkapiseprevas.sk\/?product=neme-puto-motyli-efekt#primaryimage\",\"url\":\"https:\/\/www.zdenkapiseprevas.sk\/wp-content\/uploads\/2025\/01\/1735811021-removebg-preview.png\",\"contentUrl\":\"https:\/\/www.zdenkapiseprevas.sk\/wp-content\/uploads\/2025\/01\/1735811021-removebg-preview.png\",\"width\":520,\"height\":480},{\"@type\":\"BreadcrumbList\",\"@id\":\"https:\/\/www.zdenkapiseprevas.sk\/?product=neme-puto-motyli-efekt#breadcrumb\",\"itemListElement\":[{\"@type\":\"ListItem\",\"position\":1,\"name\":\"Home\",\"item\":\"https:\/\/www.zdenkapiseprevas.sk\/\"},{\"@type\":\"ListItem\",\"position\":2,\"name\":\"Obchod\",\"item\":\"https:\/\/www.zdenkapiseprevas.sk\/?page_id=195\"},{\"@type\":\"ListItem\",\"position\":3,\"name\":\"Nem\u00e9 puto-Mot\u00fdl\u00ed efekt\"}]},{\"@type\":\"WebSite\",\"@id\":\"https:\/\/www.zdenkapiseprevas.sk\/#website\",\"url\":\"https:\/\/www.zdenkapiseprevas.sk\/\",\"name\":\"Zdenka p\u00ed\u0161e pre v\u00e1s\",\"description\":\"Knihy p\u00edsan\u00e9 srdcom\",\"publisher\":{\"@id\":\"https:\/\/www.zdenkapiseprevas.sk\/#\/schema\/person\/ebeffc0fa86d464a09fe96b5644e53d2\"},\"potentialAction\":[{\"@type\":\"SearchAction\",\"target\":{\"@type\":\"EntryPoint\",\"urlTemplate\":\"https:\/\/www.zdenkapiseprevas.sk\/?s={search_term_string}\"},\"query-input\":{\"@type\":\"PropertyValueSpecification\",\"valueRequired\":true,\"valueName\":\"search_term_string\"}}],\"inLanguage\":\"sk-SK\"},{\"@type\":[\"Person\",\"Organization\"],\"@id\":\"https:\/\/www.zdenkapiseprevas.sk\/#\/schema\/person\/ebeffc0fa86d464a09fe96b5644e53d2\",\"name\":\"Zdenka.Svabekova\",\"image\":{\"@type\":\"ImageObject\",\"inLanguage\":\"sk-SK\",\"@id\":\"https:\/\/www.zdenkapiseprevas.sk\/#\/schema\/person\/image\/\",\"url\":\"https:\/\/secure.gravatar.com\/avatar\/aa2cd587c67d771b6a78e28c9a9356b769e480bfe9c98700f9d609738c52d8c7?s=96&d=mm&r=g\",\"contentUrl\":\"https:\/\/secure.gravatar.com\/avatar\/aa2cd587c67d771b6a78e28c9a9356b769e480bfe9c98700f9d609738c52d8c7?s=96&d=mm&r=g\",\"caption\":\"Zdenka.Svabekova\"},\"logo\":{\"@id\":\"https:\/\/www.zdenkapiseprevas.sk\/#\/schema\/person\/image\/\"}}]}<\/script>\n<!-- \/ Yoast SEO plugin. -->","yoast_head_json":{"title":"Nem\u00e9 puto-Mot\u00fdl\u00ed efekt - Zdenka p\u00ed\u0161e pre v\u00e1s","robots":{"index":"index","follow":"follow","max-snippet":"max-snippet:-1","max-image-preview":"max-image-preview:large","max-video-preview":"max-video-preview:-1"},"canonical":"https:\/\/www.zdenkapiseprevas.sk\/?product=neme-puto-motyli-efekt","og_locale":"sk_SK","og_type":"article","og_title":"Nem\u00e9 puto-Mot\u00fdl\u00ed efekt - Zdenka p\u00ed\u0161e pre v\u00e1s","og_description":"Nechajte sa vies\u0165 tajomstvami, ktor\u00e9 sa v\u00e1m odhalia postupne, ako jemn\u00e9 vrstvy mot\u00fdl\u00edch kr\u00eddel, k\u00fdm sa pred vami nerozprestrie cel\u00e1 mozaika osudov.   Podtitul \u201eMot\u00fdl\u00ed efekt\u201c nesie v sebe hlbok\u00fa symboliku.   \u010coskoro objav\u00edte, \u017ee zdanlivo bezv\u00fdznamn\u00fd skutok m\u00f4\u017ee spusti\u0165 vlnu ne\u010dakan\u00fdch udalost\u00ed. Ne\u010dujn\u00e9 m\u00e1vnutie mot\u00fdl\u00edch kr\u00eddel m\u00f4\u017ee rozh\u00fdba\u0165 vzdialen\u00fd oce\u00e1n, rovnako ako zdanlivo nepatrn\u00e9 okamihy v \u017eivote hlavnej postavy m\u00f4\u017eu rozp\u00fata\u0165 v\u00edr em\u00f3ci\u00ed \u2013 nielen v jej srdci, ale aj v du\u0161iach t\u00fdch, ktor\u00ed pr\u00edbeh pre\u017eij\u00fa spolu s \u0148ou.   Mot\u00fdl\u00ed efekt nie je len te\u00f3riou chaosu, ale pulzuj\u00facou metaforou \u017eivota. Ka\u017ed\u00e9 rozhodnutie, ka\u017ed\u00e9 slovo a ka\u017ed\u00fd \u010din s\u00fa ako tich\u00e9 m\u00e1vnutia kr\u00eddel, ktor\u00e9 m\u00f4\u017eu spusti\u0165 lav\u00ednu nepredv\u00eddate\u013en\u00fdch zmien. Tento odkaz autorka utkala do pr\u00edbehu ako jemn\u00fa pavu\u010dinu, aby v\u00e1s in\u0161piroval objavova\u0165 kr\u00e1su a zanechal odkaz ukryt\u00fd v nepredv\u00eddate\u013enosti \u017eivota.  Pokra\u010dova\u0165 v \u010d\u00edtan\u00ed &rarr;","og_url":"https:\/\/www.zdenkapiseprevas.sk\/?product=neme-puto-motyli-efekt","og_site_name":"Zdenka p\u00ed\u0161e pre v\u00e1s","article_modified_time":"2025-07-10T16:50:29+00:00","og_image":[{"width":520,"height":480,"url":"https:\/\/www.zdenkapiseprevas.sk\/wp-content\/uploads\/2025\/01\/1735811021-removebg-preview.png","type":"image\/png"}],"twitter_card":"summary_large_image","twitter_misc":{"Predpokladan\u00fd \u010das \u010d\u00edtania":"1 min\u00fata"},"schema":{"@context":"https:\/\/schema.org","@graph":[{"@type":"WebPage","@id":"https:\/\/www.zdenkapiseprevas.sk\/?product=neme-puto-motyli-efekt","url":"https:\/\/www.zdenkapiseprevas.sk\/?product=neme-puto-motyli-efekt","name":"Nem\u00e9 puto-Mot\u00fdl\u00ed efekt - Zdenka p\u00ed\u0161e pre v\u00e1s","isPartOf":{"@id":"https:\/\/www.zdenkapiseprevas.sk\/#website"},"primaryImageOfPage":{"@id":"https:\/\/www.zdenkapiseprevas.sk\/?product=neme-puto-motyli-efekt#primaryimage"},"image":{"@id":"https:\/\/www.zdenkapiseprevas.sk\/?product=neme-puto-motyli-efekt#primaryimage"},"thumbnailUrl":"https:\/\/www.zdenkapiseprevas.sk\/wp-content\/uploads\/2025\/01\/1735811021-removebg-preview.png","datePublished":"2025-01-02T07:20:19+00:00","dateModified":"2025-07-10T16:50:29+00:00","breadcrumb":{"@id":"https:\/\/www.zdenkapiseprevas.sk\/?product=neme-puto-motyli-efekt#breadcrumb"},"inLanguage":"sk-SK","potentialAction":[{"@type":"ReadAction","target":["https:\/\/www.zdenkapiseprevas.sk\/?product=neme-puto-motyli-efekt"]}]},{"@type":"ImageObject","inLanguage":"sk-SK","@id":"https:\/\/www.zdenkapiseprevas.sk\/?product=neme-puto-motyli-efekt#primaryimage","url":"https:\/\/www.zdenkapiseprevas.sk\/wp-content\/uploads\/2025\/01\/1735811021-removebg-preview.png","contentUrl":"https:\/\/www.zdenkapiseprevas.sk\/wp-content\/uploads\/2025\/01\/1735811021-removebg-preview.png","width":520,"height":480},{"@type":"BreadcrumbList","@id":"https:\/\/www.zdenkapiseprevas.sk\/?product=neme-puto-motyli-efekt#breadcrumb","itemListElement":[{"@type":"ListItem","position":1,"name":"Home","item":"https:\/\/www.zdenkapiseprevas.sk\/"},{"@type":"ListItem","position":2,"name":"Obchod","item":"https:\/\/www.zdenkapiseprevas.sk\/?page_id=195"},{"@type":"ListItem","position":3,"name":"Nem\u00e9 puto-Mot\u00fdl\u00ed efekt"}]},{"@type":"WebSite","@id":"https:\/\/www.zdenkapiseprevas.sk\/#website","url":"https:\/\/www.zdenkapiseprevas.sk\/","name":"Zdenka p\u00ed\u0161e pre v\u00e1s","description":"Knihy p\u00edsan\u00e9 srdcom","publisher":{"@id":"https:\/\/www.zdenkapiseprevas.sk\/#\/schema\/person\/ebeffc0fa86d464a09fe96b5644e53d2"},"potentialAction":[{"@type":"SearchAction","target":{"@type":"EntryPoint","urlTemplate":"https:\/\/www.zdenkapiseprevas.sk\/?s={search_term_string}"},"query-input":{"@type":"PropertyValueSpecification","valueRequired":true,"valueName":"search_term_string"}}],"inLanguage":"sk-SK"},{"@type":["Person","Organization"],"@id":"https:\/\/www.zdenkapiseprevas.sk\/#\/schema\/person\/ebeffc0fa86d464a09fe96b5644e53d2","name":"Zdenka.Svabekova","image":{"@type":"ImageObject","inLanguage":"sk-SK","@id":"https:\/\/www.zdenkapiseprevas.sk\/#\/schema\/person\/image\/","url":"https:\/\/secure.gravatar.com\/avatar\/aa2cd587c67d771b6a78e28c9a9356b769e480bfe9c98700f9d609738c52d8c7?s=96&d=mm&r=g","contentUrl":"https:\/\/secure.gravatar.com\/avatar\/aa2cd587c67d771b6a78e28c9a9356b769e480bfe9c98700f9d609738c52d8c7?s=96&d=mm&r=g","caption":"Zdenka.Svabekova"},"logo":{"@id":"https:\/\/www.zdenkapiseprevas.sk\/#\/schema\/person\/image\/"}}]}},"jetpack_sharing_enabled":true,"_links":{"self":[{"href":"https:\/\/www.zdenkapiseprevas.sk\/index.php?rest_route=\/wp\/v2\/product\/7327","targetHints":{"allow":["GET"]}}],"collection":[{"href":"https:\/\/www.zdenkapiseprevas.sk\/index.php?rest_route=\/wp\/v2\/product"}],"about":[{"href":"https:\/\/www.zdenkapiseprevas.sk\/index.php?rest_route=\/wp\/v2\/types\/product"}],"replies":[{"embeddable":true,"href":"https:\/\/www.zdenkapiseprevas.sk\/index.php?rest_route=%2Fwp%2Fv2%2Fcomments&post=7327"}],"wp:featuredmedia":[{"embeddable":true,"href":"https:\/\/www.zdenkapiseprevas.sk\/index.php?rest_route=\/wp\/v2\/media\/7331"}],"wp:attachment":[{"href":"https:\/\/www.zdenkapiseprevas.sk\/index.php?rest_route=%2Fwp%2Fv2%2Fmedia&parent=7327"}],"wp:term":[{"taxonomy":"product_brand","embeddable":true,"href":"https:\/\/www.zdenkapiseprevas.sk\/index.php?rest_route=%2Fwp%2Fv2%2Fproduct_brand&post=7327"},{"taxonomy":"product_cat","embeddable":true,"href":"https:\/\/www.zdenkapiseprevas.sk\/index.php?rest_route=%2Fwp%2Fv2%2Fproduct_cat&post=7327"},{"taxonomy":"product_tag","embeddable":true,"href":"https:\/\/www.zdenkapiseprevas.sk\/index.php?rest_route=%2Fwp%2Fv2%2Fproduct_tag&post=7327"}],"curies":[{"name":"wp","href":"https:\/\/api.w.org\/{rel}","templated":true}]}}